. Suppose 2*s + 24 = 6*s. Give t(s).
8
Suppose -f - 2*l = f - 12, -f = -2*l - 12. Let i(c) = c**2 - 13*c + 12. What is i(f)?
-28
Let u(l) = l**2 + 3*l + 6. Suppose f + 41 = -3*c + 28, -5*c + f - 19 = 0. Give u(c).
10
Suppose -21*h + 322 = 25*h. Let s(c) = c + 5. Let b(d) = -2*d - 4. Let k = -6 - -10. Let o(y) = k*s(y) + 3*b(y). Calculate o(h).
-6
Let h(d) = 11*d**3 + 8*d**2 + 2*d + 3. Let r(v) = -9*v**3 - 8*v**2 - v - 2. Let a(p) = -4*h(p) - 5*r(p). Give a(-8).
22
Suppose -167 = -2*g - 5*z + 116, -g = z - 146. Let m(b) = 150*b**2 - 2*b + 7 - g*b**2 - 5*b. Determine m(6).
1
Let c(g) be the second derivative of g**6/360 - g**5/30 - g**4/12 + g**3 + 14*g. Let f(p) be the second derivative of c(p). Give f(3).
-5
Let g(i) = -2*i**2 + 14*i + 7. Let q be (-7)/(12/(-6)*(-9)/(-18)). Calculate g(q).
7
Let m(l) = l**2 + 5*l - 5. Let w = 8 - 0. Let j(g) = g**2 - 6*g + 5. Let d be j(w). Suppose 5*o = 0, 4*b - 4*o + 3 + d = 0. What is m(b)?
1
Let b(l) = -3*l**3 - 9 + 4*l**3 + 7 + 8*l**2 + 0*l**3. Let x be b(-8). Let j(w) = 3*w - 1. Calculate j(x).
-7
Let i(c) = -c**2 - 3*c**2 - 521 + 5*c + 529 + 5*c**2. What is i(-4)?
4
Let d(s) = s**3 - 9*s**2 - 2*s + 10. Let g be (-45)/(-5) - (3 - 1). Suppose g = o - q, -3*o + 9 = q - 20. Determine d(o).
-8
Let y(b) = 9*b**2 - b. Let j(t) = -2*t**2 - 18*t + 19. Let z be j(-10). Give y(z).
10
Let j(d) = -2*d - 5. Let o = -4 + 13. Let c be (80/24)/(6/o). What is j(c)?
-15
Suppose 0 = -36*w - 118 - 98. Let f(n) = -n**2 - 5*n + 7. What is f(w)?
1
Let y = -23 + 43. Let l = 62 - 41. Let x = l - y. Let o(w) = 4*w**2 + w - 1. What is o(x)?
4
Let w(x) = x**3 + 16*x**2 - 9*x + 1. Let o(h) = -2*h**2 + h. Let m(g) = -8*o(g) - w(g). Suppose 5*r + 3*d - 4 = 8, -3*r + 5*d = 20. Give m(r).
-1
Suppose -48 - 72 = -12*o. Let r(v) = -2*v**2 + 19*v - 8. Calculate r(o).
-18
Let t(q) be the second derivative of -q**5/60 + q**4/24 - q**3/6 - q**2 + 2*q. Let g(i) be the first derivative of t(i). Give g(-2).
-7
Let o be (-132)/(-36) + 2/(-3). Suppose -t + 4*x - 8 = -0*t, 0 = -4*t + 3*x + 7. Let z(v) = v**3 - 4*v**2 - 2*v**o + 3 + t*v + v. Give z(-5).
3
Suppose 18*i + 15 = 23*i. Let c(r) = -3*r - 19. Let m be c(-10). Suppose i*h = m*h + 24. Let d(b) = -b**3 - 4*b**2 - 3*b - 1. Give d(h).
-1
Let m(p) be the first derivative of p**4/4 - p**3 - 3*p**2/2 + 2*p + 28. Determine m(3).
-7
Suppose 2*m + 8 = -4. Let i(t) = t**2 + 3*t - 1. Let u(p) = -p - 1. Let b(q) = -i(q) + 4*u(q). Give b(m).
3
Let p(q) = 0 + 3 - 3 - 16*q. Suppose -13 = -4*g + 3. Let f = -5 + g. What is p(f)?
16
Let x(h) = -h**3 + 3*h**2 + 4*h. Let g(y) = -y**2 - 8*y + 4. Let i be g(-8). Let c be x(i). Let d(l) = 2 - l - l**3 + 2*l**3 - 3. What is d(c)?
-1
Let m(l) = -l**3 - 7*l**2 + 6*l - 10. Let p be -1 + -1 + 2 - 0 - -4. Suppose -p*a = -3*b + a - 34, 2*b + 5*a + 6 = 0. What is m(b)?
6
Suppose w - 5*u + 18 = 0, 0 = -3*w + 6*w - 4*u + 10. Let s(x) be the third derivative of w*x**2 + 1/24*x**4 + 1/6*x**3 + 0*x + 0. Give s(-2).
-1
Let d(x) = 2*x**3 + 5*x**2 + 4*x + 1. Suppose 3*u - 80 = -5*u. Suppose -5*l - m - u = 4, m = 1. Calculate d(l).
-20
Let v(l) = -6*l**2 - l + 1. Let p(w) = 19*w**2 + 4*w - 3. Let u(t) = -2*p(t) - 7*v(t). Let i(d) = 3*d - 83. Let g be i(27). Give u(g).
17
Let s(g) = 22*g + 220. Let r be s(-10). Let b(x) be the first derivative of -8 + r*x - 13/2*x**2. Give b(-1).
13
Let g be (-12)/(-16)*(1 + 11). Let s(n) = -2*n + 0*n**2 - 5*n**2 - 3*n**2 - 2 + g*n**2. Calculate s(-2).
6
Let o(d) = 12*d - 3*d + 14413*d**3 - 14 - 8*d**2 - 14414*d**3 + 3. Calculate o(-9).
-11
Let h(f) be the second derivative of 1/20*f**5 + 19*f - f**2 - 3/4*f**4 - 1 + 1/6*f**3. Give h(9).
7
Let a(i) = 16*i**2 + 8*i - 8. Let p(j) = -47*j**2 - 23*j + 20. Let u(l) = 8*a(l) + 3*p(l). Calculate u(-1).
-12
Let w(z) = -53*z - 29*z - 2*z**2 + 1 + 80*z. Calculate w(-3).
-11
Let j(s) be the first derivative of -s**4/4 + 2*s**3/3 + s**2 - 3*s - 624. Calculate j(-2).
9
Let b(c) = 10*c. Let y be 2*(-4)/(-6)*(-6)/8. What is b(y)?
-10
Let s(n) = n**3 + 30*n**2 - 28*n + 87. Let y be s(-31). Let p be -1 + 2 + 0 + 1. Let t(b) = -3*b - 5*b + 6 + p*b + 5*b**2 + b**3. Give t(y).
6
Let f = 16 - 10. Let s(b) be the second derivative of b**4/12 - b**3 + 9*b**2/2 + 7*b - 11. Give s(f).
9
Let a(n) = n**2 + 6*n + 7. Let k(i) = i**2 + 6*i - 1. Let m(z) = a(z) - 2*k(z). Determine m(-8).
-7
Let q(d) = 3*d**3 - 6*d**2 + 7*d + 1. Let m be q(3). Let p(j) = m*j - 2 + 3 - 25*j - 31*j. What is p(1)?
-6
Let f = -2378 - -2375. Let j(o) = 2*o**2 - 2. Let l(w) = 4*w**2 - w - 5. Let u(t) = 9*j(t) - 4*l(t). Give u(f).
8
Let k be (-4 - 5)*4/6. Let g(b) = -b**2 - 7*b + 6. Calculate g(k).
12
Let y be (2 + -1)*(-7)/(42/(-30)). Let j(h) = 12*h**3 - 3*h**2 - h - 9. Let t(i) = 8*i**3 - 2*i**2 - i - 6. Let g(d) = y*j(d) - 7*t(d). Give g(2).
29
Let s(k) = 13*k**2 + 11*k + 13. Let l(p) = 2*p**2 + 2. Let o(q) = -6*l(q) + s(q). Determine o(-7).
-27
Let h(t) = -t**2 - t + 3. Let m be h(-3). Let z be m/9*(4 + -10). Suppose z*v - v = 3. Let d(n) = -n**2 + n. Give d(v).
-6
Let u(f) = f**3 - 5*f**2 + f - 2. Let k(m) = -m**3 + 6*m**2 - m + 7. Let r be k(6). Let n be (-78)/260*(-29 + -1). Let i be r*n + (12 - 16). Determine u(i).
3
Let i(s) be the second derivative of -s**5/20 + s**4/6 + s**3/6 + s**2/2 + 8*s + 5. What is i(3)?
-5
Let o(j) = 2*j**3 + 2*j**2 - 3*j - 1. Let s(q) = 4*q**3 + 5*q**2 - 7*q - 3. Let h(v) = -5*o(v) + 2*s(v). Let i be (-30)/60 - 3/(-2). Determine h(i).
-2
Let u(z) be the first derivative of -z**2/2 + 4*z - 4. Suppose a - 4*a + 23 = i, a = 5*i - 19. What is u(a)?
-2
Let t(i) = 2. Let g(j) be the third derivative of 0*j + 1/24*j**4 + j**2 + 0 - 1/6*j**3. Let c(h) = 3*g(h) + t(h). Give c(-2).
-7
Suppose -84 = -u - 89. Let i(k) = -k**3 - 6*k**2 - k + 2. Let j(w) = -2*w**3 - 12*w**2 - w + 3. Let d(f) = 5*i(f) - 2*j(f). What is d(u)?
-6
Let m(j) = j - 2. Let i be 3 + 1 - (-8 + 7). Suppose -2*y - 5*b = -29, -3*y + 2*y = -i*b + 23. Determine m(y).
0
Let r(j) = 5*j - 22*j + 10*j + 6*j + 8. Calculate r(12).
-4
Let f(v) = v - 4. Suppose -3*m + 9 = 0, 4*a + 0*m - 21 = 5*m. Let t = a - 5. Give f(t).
0
Suppose 0 = -u + 1 + 1. Suppose 2*p = 3*a - 6*a + 35, 5*p = -u*a + 104. Let q(d) = -p*d - 6*d**2 + 0*d**3 + d**3 + 28*d - 2. Calculate q(4).
-10
Let h(n) = -5*n**3 + 2*n**2 - 2*n + 4. Let i(d) = -12*d**3 + 3*d**2 - 4*d + 10. Let u(o) = 7*h(o) - 3*i(o). Calculate u(-5).
8
Let k(d) = 9*d + 2 - 5 - d**2 + 2 + 5. Let n(l) = 2*l**2 - 10*l - 3. Let z(y) = 3*k(y) + 2*n(y). Give z(-4).
-6
Let q = 36 + -42. Let v(z) = 2*z**3 - 14*z**2 - 14*z - 14. Let c(m) = m**3 - 5*m**2 - 5*m - 5. Let k(w) = q*v(w) + 17*c(w). Let i be (3 - 2)*1*-1. Give k(i).
-6
Let k = -7 + 10. Let t(z) = 6 - k - 4*z - z**2 + 1. What is t(-5)?
-1
Let w(q) be the first derivative of -q**5/20 + q**4/12 + q**3/3 + 10*q**2 - 17. Let o(p) be the second derivative of w(p). What is o(2)?
-6
Suppose 7 = c - 0. Let l = c - 17. Let d(u) = u**3 + 10*u**2 - u - 12. Calculate d(l).
-2
Suppose 0*a = a + 5. Let y(d) be the third derivative of 0*d - 2/3*d**3 - 28*d**2 + 0 + 1/24*d**4. Give y(a).
-9
Let s = 53 - 48. Let y(r) = -1 + 2 + 3 + s*r - 5. Suppose -4*p = -5*k - 13, 3*k + 2 + 9 = 4*p. Determine y(k).
-6
Let f(g) be the second derivative of -g**4/6 + 5*g**3/6 - g**2 - g. Let o = -65 + 137. Let a = o - 69. Determine f(a).
-5
Let y = 21 - 19. Let g be y/(-2 - (4 + -7)). Suppose 5*d - d = 8, -g*m + 5*d + 4 = 0. Let s(i) = i**2 - 6*i - 3. Calculate s(m).
4
Let o(a) = a**2 - 6*a - 48. Let y be o(11). Let p(j) be the third derivative of j**4/8 - 5*j**3/3 + 15*j**2. Determine p(y).
11
Let k(u) = -3 + 3*u - u - 6*u - u. Let q(w) = w + 13. Let v be q(-11). Suppose -2*a = v*a + 8. Determine k(a).
7
Let a(f) = 3*f**3 - 8*f**2 - f + 2. Let o(p) = -5*p**3 + 12*p**2 + p - 3. Let b(c) = 8*a(c) + 5*o(c). Let n be (-2)/(-12 - (-304)/24). Calculate b(n).
1
Let n(r) = -r**3 - r**2 + 1. Let b be n(-2). Let j(d) be the first derivative of d**4/4 - 5*d**3/3 + 2*d**2 - 4*d - 1566. Calculate j(b).
16
Let l(q) be the second derivative of q**5/30 + q**4/8 - q**3/6 + 12*q**2 + 41*q. Let g(p) be the first derivative of l(p). What is g(-3)?
8
Suppose 0*u - 5 = 3*t + 5*u, 3*t + 4*u + 4 = 0. Suppose 0 = -2*c + 3*c - 3. Let d(b) = 0 + c + b + 0. Determine d(t).
3
Let w(d) = 16*d**2 + 20 + d**3 - 2*d**3 - 4*d - 2*d**2 - 4*d + 6